ne w(c).
8
Let t(z) = 60*z**2. Let x be t(-1). Suppose -5*n + 30 = j - 2, 28 = 5*n - j. Suppose 0 = -n*w - 4*w - x. Let y(r) = -r**2 - 6*r + 5. Give y(w).
5
Let y(c) be the second derivative of 0 + 1/12*c**4 + c**2 - 74*c - 3/2*c**3. What is y(9)?
2
Let h(g) be the first derivative of g**4/4 - 4*g**3/3 - 13*g**2/2 + 4*g - 14. Let i be h(6). Let n be 1/i - 11/(-2). Let v(j) = 3*j + 4. What is v(n)?
19
Suppose -54*s = 30 - 138. Let x(h) = 13 - 27 + 4*h**2 - 4*h + 16. Calculate x(s).
10
Let v(n) be the third derivative of -n**4/6 - 2*n**3 + n**2 + 45*n. Let h(s) = -s - 3. Let m(t) = 3*h(t) - v(t). What is m(-9)?
-6
Let c = 1343 - 1331. Let l(m) be the third derivative of -5/24*m**4 + 0 - 1/3*m**3 + 0*m + c*m**2. Give l(-2).
8
Let u(d) = -127*d + 128*d - 14 + 24. What is u(-15)?
-5
Let a(o) be the second derivative of -o**3/6 - o**2 - 13*o. Let j be (-19 + 18)/(4/6)*2. Let w(u) = u**3 - 2*u**2 - 17*u - 3. Let h be w(j). Determine a(h).
-5
Let q(r) = -13*r + 17. Suppose h = 3, -5*a - 2*h = 31 - 17. Let n(p) = 6*p - 7. Let l(k) = a*q(k) - 9*n(k). Give l(-3).
1
Let c(g) = 21028*g**2 - 7 + 4*g - 2 - 21029*g**2. Give c(4).
-9
Let l(a) = 6*a + 60. Let y be l(-10). Let m(j) = 0*j + j**2 - 38 + 2*j + 35 + y*j. Determine m(-3).
0
Let a(y) be the first derivative of y**3/2 + 3*y**2 - 233*y + 195. Let k(w) be the first derivative of a(w). Determine k(-6).
-12
Let x(c) be the third derivative of c**6/120 + 37*c**5/60 + 19*c**4/12 + 25*c**3/6 + 5735*c**2. What is x(-36)?
-47
Let p(m) = m**2 - 24*m + 33. Let r = 10501 + -10480. Give p(r).
-30
Let t(n) = -5*n - 18. Let w be t(-4). Let m(u) = -u**3 - 7*u**2 - 3. Let c = 3 + -4. Let v(d) = -d**3 - d**2 + d. Let a(f) = c*m(f) + w*v(f). What is a(4)?
27
Let v be ((-1)/2)/(23/92). Let s(u) = 18*u + 0 - 24*u - 6 + 1. Calculate s(v).
7
Let b(o) = o**3 - 5*o**2 + 2*o + 4. Let f(u) = -u**3 - 6*u**2 - 2*u - 8. Let l = -46 + -14. Let s be l/(-24)*24/(-10). Let z be f(s). Determine b(z).
-4
Let x(z) = -22*z + 46*z + 0 - 27*z + 1. Let g be ((-33)/9 + 5)/((-1)/9). Let j be (-6)/8 - 5*9/g. What is x(j)?
-8
Let z(p) = -p**2 - 48*p - 41. Let n be (-1)/24*-12*-94. Calculate z(n).
6
Suppose 5*a - 4*m = 565, -6*a + 452 = -2*a + 3*m. Let h = a - 100. Suppose 0 = -p - 20 + h. Let o(s) = -s**2 - 5*s - 2. What is o(p)?
-16
Let n(v) = -7*v**3 + 2*v**2 - v. Let o be 1602/(-24) - (-2)/(-8). Let i be -3 + -1 + -3 + 2 + 73. Let h = i + o. Give n(h).
-6
Let u(h) = -4*h**3 + 38*h**2 + 87*h - 2. Let c(q) = q**3 - 9*q**2 - 22*q. Let y(l) = 15*c(l) + 4*u(l). Give y(18).
-8
Suppose 0 = 4*n - 5*y - 33, -220*n + 5*y + 105 = -225*n. Let a(w) = 2*w + 14. Let f(b) = b + 7. Let j(i) = 6*a(i) - 11*f(i). What is j(n)?
-1
Let v(z) = 70*z - 214. Let o(n) = n**2 + 95*n + 1267. Let i be o(-79). Give v(i).
-4
Let a(x) = -2*x**3 + 2*x**2 + x + 7. Let o be a(0). Suppose o*j - 20*j = -91. Let v(b) = -b**2 + 9*b - 16. Give v(j).
-2
Let f be (-4)/(-14) - (-352)/(-154). Let k(s) = 5*s**3 - s**2 - 2*s + 1. Determine k(f).
-39
Let x = -14 - -16. Let t(i) = 0*i - i - x*i - 9. Let d = -9598 - -9590. Determine t(d).
15
Let s(b) = -b**3 + b**2 + b + 1. Let j(o) = -2*o**3 + 3*o**2 + 5*o + 5. Let y(h) = j(h) - 5*s(h). Suppose -25*a + 4*a - 11*a = 64. What is y(a)?
-32
Suppose -4*r - 4*a + 16 = -0, a = -1. Suppose w + 1 = u - 4, r*u + 4*w = -2. Let k(m) = 9 - 2 + 1 - u - 2*m. Give k(-6).
18
Let a(l) be the second derivative of -l**4/4 - l**3/2 + 3*l**2/2 + 57*l - 3. Let b(y) = y**2 + y - 1. Let q(f) = a(f) + 6*b(f). Determine q(2).
15
Let p(m) = -583 - 93 - 9*m**2 - 11*m**2 + 0*m**2 + 11*m + 21*m**2. Give p(-32).
-4
Let o(r) be the first derivative of 9*r**2/2 + r + 10215. Let x(y) = y**2. Let h be x(1). Give o(h).
10
Let z be (3/4)/1*208/(-4). Let y = z - -41. Let v(i) = 14*i**2 + 9*i - 7 - 9*i**y - i - 6*i**2. What is v(6)?
5
Let t(r) = r + 6. Suppose -35*u - 52 = -39*u. Suppose 58 + 33 = u*i. Determine t(i).
13
Let t(w) = w**3 + 6*w**2 - 12*w - 73. Suppose 34 = -39*l + 38*l + 4*f, 3*l + 3*f = 3. Calculate t(l).
-1
Let r(m) = m**3 + 46*m**2 + 90*m + 87. Let f be r(-44). Let x(w) = -2*w**2 + w - 1. Let y(d) = -6*d**2 - 4*d. Let n(o) = f*y(o) + 4*x(o). Give n(5).
-14
Let d(l) be the first derivative of l**4/12 - 5*l**3/6 - 3*l**2/2 + 258*l + 168. Let h(y) be the first derivative of d(y). Give h(7).
11
Let i(c) be the first derivative of 166 - 1/4*c**4 + 13/2*c**2 + 8/3*c**3 - 8*c. Give i(9).
28
Let x(k) = 2*k**3 - 18*k**2 - 21*k - 2. Let w(s) = -s**3 - 8*s**2 - 10*s - 11. Let m be w(-7). What is x(m)?
-12
Let d = 44 - 44. Let j be (d + -2 - -1)*-8. Let f(g) = -g + 11*g - j*g - 1. What is f(2)?
3
Let w(r) be the first derivative of r**4/4 - 2*r**3 + 2*r**2 - 3042. Let k be (-60)/(-27) - 4/18. Suppose k*v - 10 = -0. Determine w(v).
-5
Let r(x) = -3*x**3 + 10*x**2 + 22*x + 12. Let g be r(-5). Let u(b) = 261 - g - b**2 - 8*b + 261. Give u(-8).
-5
Let q(f) = 2*f**3 - f**2 - 2*f - 3. Suppose 68*x = 67*x + 205. Let c = x - 207. What is q(c)?
-19
Let s(o) = -17*o - 97. Let h(i) = 137*i + 953. Let j be h(-7). Give s(j).
5
Suppose 39*k + 104*k = -21*k + 984. Let s(p) = p**3 + 6*p**2 + p + 7. Let c be s(-6). Let x(j) = c + 2 + 4*j + 0 - 5*j. Calculate x(k).
-3
Suppose 3*p + h - 1 = 16, 5*h = -4*p + 41. Suppose -3*b = -0*m - p*m - 10, -2*b - 1 = 5*m. Let z(d) = -4*d**b + 1 + 2 + 173*d + d**3 - 172*d. Give z(3).
-3
Let t(j) be the third derivative of -j**6/120 + 4*j**5/15 - 5*j**4/8 - j**3/3 - 2*j**2. Suppose 828*l + 22*l - 12750 = 0. Determine t(l).
-2
Let h(n) = n**3 - 86*n**2 - n + 121. Let u be h(86). Let z(q) = -q**3 + 35*q**2 - q + 37. Give z(u).
2
Let n = -17 - -22. Suppose n*p = 0, -c + 1 = -3*p + p. Let r(a) = 12*a - 23*a + 22*a - c. Calculate r(1).
10
Let u(t) = 2*t**2 + 6*t + 6. Let g be 0*(-10 + 189/18). Give u(g).
6
Let z(n) = 10*n - 4 + 47 + 47 + 1 - 10. What is z(-18)?
-99
Suppose -10 = -6*c + 50. Let w = 5 + -3. Suppose 0 + c = -w*l. Let y(t) = t**2 + 2*t - 7. What is y(l)?
8
Let a(i) be the first derivative of -23*i**2/2 - 5257. Determine a(-4).
92
Let v be -1*(-4)/(-3)*-3*642/(-856). Let l(c) = 11*c - 3. Calculate l(v).
-36
Let q(o) = 43*o + 725. Let b be q(-17). Let v(i) = -i - 16. Calculate v(b).
-10
Let z(b) = -b**3 + 10*b**2 - 16*b - 8. Let o(c) = -270*c + 8. Let y be o(0). Give z(y).
-8
Let n(m) = m**3 - 6*m**2 + 4*m + 3. Suppose 14*z - 73 = 11*z - b, 2*b + 88 = 3*z. Suppose -5*v + z - 1 = 0. Calculate n(v).
-2
Let m(r) = 197134936*r**2 - 197134935*r**2 - 2 - 4*r + 0*r - 8. Suppose 0*k + 5*t = 2*k + 24, -16 = 2*k - 3*t. Give m(k).
2
Let a(p) be the third derivative of 1/120*p**5 - 1/12*p**4 + 0 - 6*p**2 - 9/2*p**3 + 0*p. Let o(k) be the first derivative of a(k). Determine o(-2).
-4
Let x(d) = 13*d - 472. Let q be 394/11 - ((-280)/220)/7. Determine x(q).
-4
Let o = -45 - -50. Let j(v) = 7*v**2 + 11*v - 11. Let t(x) = -6*x**2 - 10*x + 10. Let l(g) = o*j(g) + 6*t(g). What is l(-5)?
5
Let z(b) = 3*b + 74. Suppose 3*v + 3315 = 3237. Calculate z(v).
-4
Let z = -1053 - -516. Let p = z + 541. Let v(y) = -y**3 + 9*y**2 + 9. Let j(n) = n**3 - 10*n**2 - n - 10. Let l(a) = 4*j(a) + 5*v(a). What is l(p)?
5
Let p(o) = 4 + 11 + o - 6. Suppose -5*l - 87 - 68 = 0. Let g = 39 + l. Calculate p(g).
17
Let i(c) = 1 + c**3 - 95*c + 0*c**2 + 26*c + 35*c + 28*c - 4*c**2. What is i(3)?
-26
Let h(b) = -17*b - 22. Let d(f) be the second derivative of -f**3 - 4*f**2 - 83*f. Let a(k) = 8*d(k) - 3*h(k). Calculate a(6).
20
Let f(c) = -2*c + 29. Let a(t) = -8*t + 139. Let w(s) = -2*a(s) + 9*f(s). Let b = -17 + 12. Calculate w(b).
-7
Let t(q) = 0*q - 483 + 2*q + 491. Suppose -111 = 11*i - 1. Give t(i).
-12
Let k be 12 + (10/(-15))/(19/285). Let h(j) = -1 + 1 - 13*j. Calculate h(k).
-26
Let b(z) = -20*z**3 + 65*z + 8. Let t(h) = 56*h**3 - h**2 - 178*h - 22. Let y(u) = 11*b(u) + 4*t(u). Suppose i - 3 = -1. What is y(i)?
22
Let t(i) = -i**3 - 13*i**2 - 2*i. Suppose 3*y = -3*m - 42, 2*m + 3*y + 10 = -19. Give t(m).
26
Let z be (-1 + 1)/(-3) + -17. Let p = z + 15. Let i(u) = 3*u - 1. Let o(x) = -4*x. Let c(t) = -i(t) - o(t). What is c(p)?
-1
Suppose 4*l = -12, -5*q + 22 = -0*q + l. Let u(c) = -3*c**2 + c**2 - 7 + c - 1 + q + 2. Determine u(-2).
-11
Let g(s) = -s**3 + s + 1. Let b(y) = -y**3 - 12*y**2 - y + 8. Let z(u) = b(u) - 2*g(u). Suppose 0 = -3*t - 9, -20*t + 16*t + 12 = 2*a. Determine z(a).